{"id":142281,"date":"2024-09-16T12:08:28","date_gmt":"2024-09-16T10:08:28","guid":{"rendered":"https:\/\/www.metrica.it\/prodotto\/equerre-tempree-a-chapeau\/"},"modified":"2024-09-16T20:56:04","modified_gmt":"2024-09-16T18:56:04","slug":"equerre-tempree-a-chapeau","status":"publish","type":"product","link":"https:\/\/www.metrica.it\/fr\/produit\/equerre-tempree-a-chapeau\/","title":{"rendered":"\u00c9querre Tempr\u00e9e \u00c0 Chapeau"},"content":{"rendered":"<ul>\n<li>Acier inox tempr\u00e9<\/li>\n<li>Pr\u00e9cision: DIN 875\/0<\/li>\n<\/ul>\n","protected":false},"excerpt":{"rendered":"<p>Acier inox tempr\u00e9<br \/>Pr\u00e9cision: DIN 875\/0<\/p>\n","protected":false},"featured_media":121558,"template":"","meta":[],"product_cat":[637,621],"product_tag":[],"class_list":{"0":"post-142281","1":"product","2":"type-product","3":"status-publish","4":"has-post-thumbnail","6":"product_cat-equerres-fr","7":"product_cat-mesures-dangles","9":"first","10":"instock","11":"sold-individually","12":"product-type-simple"},"yoast_head":"<title>Squadra A Cappello Temprata | \u00c9querres | Rapporteurs d\u2019Angle - Metrica<\/title>\n<meta name=\"description\" content=\"D\u00e9couvrez la collection de produits., Squadra A Cappello Temprata - \u00c9querres.Acciaio inox temprato,Precisione DIN 875\/0 . Consultez le catalogue sur le site officiel de Metrica\" \/>\n<meta name=\"robots\" content=\"index, follow, max-snippet:-1, max-image-preview:large, max-video-preview:-1\" \/>\n<link rel=\"canonical\" href=\"https:\/\/www.metrica.it\/fr\/produit\/equerre-tempree-a-chapeau\/\" \/>\n<meta property=\"og:locale\" content=\"fr_FR\" \/>\n<meta property=\"og:type\" content=\"article\" \/>\n<meta property=\"og:title\" content=\"Squadra A Cappello Temprata | \u00c9querres | Rapporteurs d\u2019Angle - Metrica\" \/>\n<meta property=\"og:description\" content=\"D\u00e9couvrez la collection de produits., Squadra A Cappello Temprata - \u00c9querres.Acciaio inox temprato,Precisione DIN 875\/0 . Consultez le catalogue sur le site officiel de Metrica\" \/>\n<meta property=\"og:url\" content=\"https:\/\/www.metrica.it\/fr\/produit\/equerre-tempree-a-chapeau\/\" \/>\n<meta property=\"og:site_name\" content=\"Metrica\" \/>\n<meta property=\"article:modified_time\" content=\"2024-09-16T18:56:04+00:00\" \/>\n<meta property=\"og:image\" content=\"https:\/\/www.metrica.it\/wp-content\/uploads\/2024\/05\/27071.jpg\" \/>\n\t<meta property=\"og:image:width\" content=\"800\" \/>\n\t<meta property=\"og:image:height\" content=\"800\" \/>\n\t<meta property=\"og:image:type\" content=\"image\/jpeg\" \/>\n<meta name=\"twitter:card\" content=\"summary_large_image\" \/>\n<script type=\"application\/ld+json\" class=\"yoast-schema-graph\">{\"@context\":\"https:\\\/\\\/schema.org\",\"@graph\":[{\"@type\":\"WebPage\",\"@id\":\"https:\\\/\\\/www.metrica.it\\\/fr\\\/produit\\\/equerre-tempree-a-chapeau\\\/\",\"url\":\"https:\\\/\\\/www.metrica.it\\\/fr\\\/produit\\\/equerre-tempree-a-chapeau\\\/\",\"name\":\"Squadra A Cappello Temprata | \u00c9querres | Rapporteurs d\u2019Angle - Metrica\",\"isPartOf\":{\"@id\":\"https:\\\/\\\/www.metrica.it\\\/fr\\\/#website\"},\"primaryImageOfPage\":{\"@id\":\"https:\\\/\\\/www.metrica.it\\\/fr\\\/produit\\\/equerre-tempree-a-chapeau\\\/#primaryimage\"},\"image\":{\"@id\":\"https:\\\/\\\/www.metrica.it\\\/fr\\\/produit\\\/equerre-tempree-a-chapeau\\\/#primaryimage\"},\"thumbnailUrl\":\"https:\\\/\\\/www.metrica.it\\\/wp-content\\\/uploads\\\/2024\\\/05\\\/27071.jpg\",\"datePublished\":\"2024-09-16T10:08:28+00:00\",\"dateModified\":\"2024-09-16T18:56:04+00:00\",\"description\":\"D\u00e9couvrez la collection de produits., Squadra A Cappello Temprata - \u00c9querres.Acciaio inox temprato,Precisione DIN 875\\\/0 . Consultez le catalogue sur le site officiel de Metrica\",\"breadcrumb\":{\"@id\":\"https:\\\/\\\/www.metrica.it\\\/fr\\\/produit\\\/equerre-tempree-a-chapeau\\\/#breadcrumb\"},\"inLanguage\":\"fr-FR\",\"potentialAction\":[{\"@type\":\"ReadAction\",\"target\":[\"https:\\\/\\\/www.metrica.it\\\/fr\\\/produit\\\/equerre-tempree-a-chapeau\\\/\"]}]},{\"@type\":\"ImageObject\",\"inLanguage\":\"fr-FR\",\"@id\":\"https:\\\/\\\/www.metrica.it\\\/fr\\\/produit\\\/equerre-tempree-a-chapeau\\\/#primaryimage\",\"url\":\"https:\\\/\\\/www.metrica.it\\\/wp-content\\\/uploads\\\/2024\\\/05\\\/27071.jpg\",\"contentUrl\":\"https:\\\/\\\/www.metrica.it\\\/wp-content\\\/uploads\\\/2024\\\/05\\\/27071.jpg\",\"width\":800,\"height\":800},{\"@type\":\"BreadcrumbList\",\"@id\":\"https:\\\/\\\/www.metrica.it\\\/fr\\\/produit\\\/equerre-tempree-a-chapeau\\\/#breadcrumb\",\"itemListElement\":[{\"@type\":\"ListItem\",\"position\":1,\"name\":\"Home\",\"item\":\"https:\\\/\\\/www.metrica.it\\\/fr\\\/\"},{\"@type\":\"ListItem\",\"position\":2,\"name\":\"Catalogue\",\"item\":\"https:\\\/\\\/www.metrica.it\\\/fr\\\/catalogue\\\/\"},{\"@type\":\"ListItem\",\"position\":3,\"name\":\"\u00c9querre Tempr\u00e9e \u00c0 Chapeau\"}]},{\"@type\":\"WebSite\",\"@id\":\"https:\\\/\\\/www.metrica.it\\\/fr\\\/#website\",\"url\":\"https:\\\/\\\/www.metrica.it\\\/fr\\\/\",\"name\":\"Metrica\",\"description\":\"Made to measure\",\"potentialAction\":[{\"@type\":\"SearchAction\",\"target\":{\"@type\":\"EntryPoint\",\"urlTemplate\":\"https:\\\/\\\/www.metrica.it\\\/fr\\\/?s={search_term_string}\"},\"query-input\":{\"@type\":\"PropertyValueSpecification\",\"valueRequired\":true,\"valueName\":\"search_term_string\"}}],\"inLanguage\":\"fr-FR\"}]}<\/script>","yoast_head_json":{"title":"Squadra A Cappello Temprata | \u00c9querres | Rapporteurs d\u2019Angle - Metrica","description":"D\u00e9couvrez la collection de produits., Squadra A Cappello Temprata - \u00c9querres.Acciaio inox temprato,Precisione DIN 875\/0 . Consultez le catalogue sur le site officiel de Metrica","robots":{"index":"index","follow":"follow","max-snippet":"max-snippet:-1","max-image-preview":"max-image-preview:large","max-video-preview":"max-video-preview:-1"},"canonical":"https:\/\/www.metrica.it\/fr\/produit\/equerre-tempree-a-chapeau\/","og_locale":"fr_FR","og_type":"article","og_title":"Squadra A Cappello Temprata | \u00c9querres | Rapporteurs d\u2019Angle - Metrica","og_description":"D\u00e9couvrez la collection de produits., Squadra A Cappello Temprata - \u00c9querres.Acciaio inox temprato,Precisione DIN 875\/0 . Consultez le catalogue sur le site officiel de Metrica","og_url":"https:\/\/www.metrica.it\/fr\/produit\/equerre-tempree-a-chapeau\/","og_site_name":"Metrica","article_modified_time":"2024-09-16T18:56:04+00:00","og_image":[{"width":800,"height":800,"url":"https:\/\/www.metrica.it\/wp-content\/uploads\/2024\/05\/27071.jpg","type":"image\/jpeg"}],"twitter_card":"summary_large_image","schema":{"@context":"https:\/\/schema.org","@graph":[{"@type":"WebPage","@id":"https:\/\/www.metrica.it\/fr\/produit\/equerre-tempree-a-chapeau\/","url":"https:\/\/www.metrica.it\/fr\/produit\/equerre-tempree-a-chapeau\/","name":"Squadra A Cappello Temprata | \u00c9querres | Rapporteurs d\u2019Angle - Metrica","isPartOf":{"@id":"https:\/\/www.metrica.it\/fr\/#website"},"primaryImageOfPage":{"@id":"https:\/\/www.metrica.it\/fr\/produit\/equerre-tempree-a-chapeau\/#primaryimage"},"image":{"@id":"https:\/\/www.metrica.it\/fr\/produit\/equerre-tempree-a-chapeau\/#primaryimage"},"thumbnailUrl":"https:\/\/www.metrica.it\/wp-content\/uploads\/2024\/05\/27071.jpg","datePublished":"2024-09-16T10:08:28+00:00","dateModified":"2024-09-16T18:56:04+00:00","description":"D\u00e9couvrez la collection de produits., Squadra A Cappello Temprata - \u00c9querres.Acciaio inox temprato,Precisione DIN 875\/0 . Consultez le catalogue sur le site officiel de Metrica","breadcrumb":{"@id":"https:\/\/www.metrica.it\/fr\/produit\/equerre-tempree-a-chapeau\/#breadcrumb"},"inLanguage":"fr-FR","potentialAction":[{"@type":"ReadAction","target":["https:\/\/www.metrica.it\/fr\/produit\/equerre-tempree-a-chapeau\/"]}]},{"@type":"ImageObject","inLanguage":"fr-FR","@id":"https:\/\/www.metrica.it\/fr\/produit\/equerre-tempree-a-chapeau\/#primaryimage","url":"https:\/\/www.metrica.it\/wp-content\/uploads\/2024\/05\/27071.jpg","contentUrl":"https:\/\/www.metrica.it\/wp-content\/uploads\/2024\/05\/27071.jpg","width":800,"height":800},{"@type":"BreadcrumbList","@id":"https:\/\/www.metrica.it\/fr\/produit\/equerre-tempree-a-chapeau\/#breadcrumb","itemListElement":[{"@type":"ListItem","position":1,"name":"Home","item":"https:\/\/www.metrica.it\/fr\/"},{"@type":"ListItem","position":2,"name":"Catalogue","item":"https:\/\/www.metrica.it\/fr\/catalogue\/"},{"@type":"ListItem","position":3,"name":"\u00c9querre Tempr\u00e9e \u00c0 Chapeau"}]},{"@type":"WebSite","@id":"https:\/\/www.metrica.it\/fr\/#website","url":"https:\/\/www.metrica.it\/fr\/","name":"Metrica","description":"Made to measure","potentialAction":[{"@type":"SearchAction","target":{"@type":"EntryPoint","urlTemplate":"https:\/\/www.metrica.it\/fr\/?s={search_term_string}"},"query-input":{"@type":"PropertyValueSpecification","valueRequired":true,"valueName":"search_term_string"}}],"inLanguage":"fr-FR"}]}},"meta_box":{"awr_documentation":[],"awr_manuale":[],"awr_scheda_tecnica":"","awr_youtube_video":"","awr_classe_prodotto":"","awr_customize_product":"0","awr_custom_image":false,"awr_related_products":[{"awr_product_name":"Squadra A Cappello Temprata","awr_product_references":"ref:27071|ean:8001066270712|axb_mm:50 x 40|pack:1"},{"awr_product_name":"Squadra A Cappello Temprata","awr_product_references":"ref:27072|ean:8001066270729|axb_mm:75 x 50|pack:1"},{"awr_product_name":"Squadra A Cappello Temprata","awr_product_references":"ref:27073|ean:8001066270736|axb_mm:100 x 70|pack:1"},{"awr_product_name":"Squadra A Cappello Temprata","awr_product_references":"ref:27075|ean:8001066270750|axb_mm:150 x 100|pack:1"},{"awr_product_name":"Squadra A Cappello Temprata","awr_product_references":"ref:27076|ean:8001066270767|axb_mm:200 x 130|pack:1"},{"awr_product_name":"Squadra A Cappello Temprata","awr_product_references":"ref:27078|ean:8001066270781|axb_mm:300 x 200|pack:1"}],"awr_consumabili":"","awr_alternativi":"","awr_aliases":"27071,27072,27073,27075,27076,27078","awr_skuid":"27071-it"},"_links":{"self":[{"href":"https:\/\/www.metrica.it\/fr\/wp-json\/wp\/v2\/product\/142281","targetHints":{"allow":["GET"]}}],"collection":[{"href":"https:\/\/www.metrica.it\/fr\/wp-json\/wp\/v2\/product"}],"about":[{"href":"https:\/\/www.metrica.it\/fr\/wp-json\/wp\/v2\/types\/product"}],"wp:featuredmedia":[{"embeddable":true,"href":"https:\/\/www.metrica.it\/fr\/wp-json\/wp\/v2\/media\/121558"}],"wp:attachment":[{"href":"https:\/\/www.metrica.it\/fr\/wp-json\/wp\/v2\/media?parent=142281"}],"wp:term":[{"taxonomy":"product_cat","embeddable":true,"href":"https:\/\/www.metrica.it\/fr\/wp-json\/wp\/v2\/product_cat?post=142281"},{"taxonomy":"product_tag","embeddable":true,"href":"https:\/\/www.metrica.it\/fr\/wp-json\/wp\/v2\/product_tag?post=142281"}],"curies":[{"name":"wp","href":"https:\/\/api.w.org\/{rel}","templated":true}]}}

Équerre Temprée À Chapeau

<ul>
<li>Acier inox tempré</li>
<li>Précision: DIN 875/0</li>
</ul>

<p>Acier inox tempré<br />Précision: DIN 875/0</p>

<title>Squadra A Cappello Temprata | Équerres | Rapporteurs d’Angle - Metrica</title>
<meta name="description" content="Découvrez la collection de produits., Squadra A Cappello Temprata - Équerres.Acciaio inox temprato,Precisione DIN 875/0 . Consultez le catalogue sur le site officiel de Metrica" />
<meta name="robots" content="index, follow, max-snippet:-1, max-image-preview:large, max-video-preview:-1" />
<link rel="canonical" href="https://www.metrica.it/fr/produit/equerre-tempree-a-chapeau/" />
<meta property="og:locale" content="fr_FR" />
<meta property="og:type" content="article" />
<meta property="og:title" content="Squadra A Cappello Temprata | Équerres | Rapporteurs d’Angle - Metrica" />
<meta property="og:description" content="Découvrez la collection de produits., Squadra A Cappello Temprata - Équerres.Acciaio inox temprato,Precisione DIN 875/0 . Consultez le catalogue sur le site officiel de Metrica" />
<meta property="og:url" content="https://www.metrica.it/fr/produit/equerre-tempree-a-chapeau/" />
<meta property="og:site_name" content="Metrica" />
<meta property="article:modified_time" content="2024-09-16T18:56:04+00:00" />
<meta property="og:image" content="https://www.metrica.it/wp-content/uploads/2024/05/27071.jpg" />
	<meta property="og:image:width" content="800" />
	<meta property="og:image:height" content="800" />
	<meta property="og:image:type" content="image/jpeg" />
<meta name="twitter:card" content="summary_large_image" />
<script type="application/ld+json" class="yoast-schema-graph">{"@context":"https:\/\/schema.org","@graph":[{"@type":"WebPage","@id":"https:\/\/www.metrica.it\/fr\/produit\/equerre-tempree-a-chapeau\/","url":"https:\/\/www.metrica.it\/fr\/produit\/equerre-tempree-a-chapeau\/","name":"Squadra A Cappello Temprata | Équerres | Rapporteurs d’Angle - Metrica","isPartOf":{"@id":"https:\/\/www.metrica.it\/fr\/#website"},"primaryImageOfPage":{"@id":"https:\/\/www.metrica.it\/fr\/produit\/equerre-tempree-a-chapeau\/#primaryimage"},"image":{"@id":"https:\/\/www.metrica.it\/fr\/produit\/equerre-tempree-a-chapeau\/#primaryimage"},"thumbnailUrl":"https:\/\/www.metrica.it\/wp-content\/uploads\/2024\/05\/27071.jpg","datePublished":"2024-09-16T10:08:28+00:00","dateModified":"2024-09-16T18:56:04+00:00","description":"Découvrez la collection de produits., Squadra A Cappello Temprata - Équerres.Acciaio inox temprato,Precisione DIN 875\/0 . Consultez le catalogue sur le site officiel de Metrica","breadcrumb":{"@id":"https:\/\/www.metrica.it\/fr\/produit\/equerre-tempree-a-chapeau\/#breadcrumb"},"inLanguage":"fr-FR","potentialAction":[{"@type":"ReadAction","target":["https:\/\/www.metrica.it\/fr\/produit\/equerre-tempree-a-chapeau\/"]}]},{"@type":"ImageObject","inLanguage":"fr-FR","@id":"https:\/\/www.metrica.it\/fr\/produit\/equerre-tempree-a-chapeau\/#primaryimage","url":"https:\/\/www.metrica.it\/wp-content\/uploads\/2024\/05\/27071.jpg","contentUrl":"https:\/\/www.metrica.it\/wp-content\/uploads\/2024\/05\/27071.jpg","width":800,"height":800},{"@type":"BreadcrumbList","@id":"https:\/\/www.metrica.it\/fr\/produit\/equerre-tempree-a-chapeau\/#breadcrumb","itemListElement":[{"@type":"ListItem","position":1,"name":"Home","item":"https:\/\/www.metrica.it\/fr\/"},{"@type":"ListItem","position":2,"name":"Catalogue","item":"https:\/\/www.metrica.it\/fr\/catalogue\/"},{"@type":"ListItem","position":3,"name":"Équerre Temprée À Chapeau"}]},{"@type":"WebSite","@id":"https:\/\/www.metrica.it\/fr\/#website","url":"https:\/\/www.metrica.it\/fr\/","name":"Metrica","description":"Made to measure","potentialAction":[{"@type":"SearchAction","target":{"@type":"EntryPoint","urlTemplate":"https:\/\/www.metrica.it\/fr\/?s={search_term_string}"},"query-input":{"@type":"PropertyValueSpecification","valueRequired":true,"valueName":"search_term_string"}}],"inLanguage":"fr-FR"}]}</script>

Squadra A Cappello Temprata | Équerres | Rapporteurs d’Angle - Metrica

Découvrez la collection de produits., Squadra A Cappello Temprata - Équerres.Acciaio inox temprato,Precisione DIN 875/0 . Consultez le catalogue sur le site officiel de Metrica
