{"id":143836,"date":"2024-09-16T11:38:34","date_gmt":"2024-09-16T09:38:34","guid":{"rendered":"https:\/\/www.metrica.it\/prodotto\/colorants-naturels-pour-utilisations-interieures-exterieures\/"},"modified":"2024-09-16T20:29:28","modified_gmt":"2024-09-16T18:29:28","slug":"colorants-naturels-pour-utilisations-interieures-exterieures","status":"publish","type":"product","link":"https:\/\/www.metrica.it\/fr\/produit\/colorants-naturels-pour-utilisations-interieures-exterieures\/","title":{"rendered":"Colorants Naturels Pour Utilisations Int\u00e9rieures\/ext\u00e9rieures"},"content":{"rendered":"<ul>\n<li>Colorant naturel pour une utilisation int\u00e9rieuer et ext\u00e9rieure<\/li>\n<li>Inalt\u00e9rable au rayon UV<\/li>\n<li>Id\u00e9al pour b\u00e9ton, ch\u00e9min\u00e9es, pl\u00e2tres<\/li>\n<\/ul>\n","protected":false},"excerpt":{"rendered":"<p>Colorant naturel pour une utilisation int\u00e9rieuer et ext\u00e9rieure<br \/>Inalt\u00e9rable au rayon UV<br \/>Id\u00e9al pour b\u00e9ton, ch\u00e9min\u00e9es, pl\u00e2tres<\/p>\n","protected":false},"featured_media":121337,"template":"","meta":[],"product_cat":[709,701],"product_tag":[],"class_list":{"0":"post-143836","1":"product","2":"type-product","3":"status-publish","4":"has-post-thumbnail","6":"product_cat-cordages-et-teintures","7":"product_cat-tracage-et-marquage","9":"first","10":"instock","11":"sold-individually","12":"product-type-simple"},"yoast_head":"<title>Coloranti Naturali | Cordages et Teintures | Tra\u00e7age et Marquage - Metrica<\/title>\n<meta name=\"description\" content=\"D\u00e9couvrez la collection de produits., Coloranti Naturali - Cordages et Teintures.Colorante naturale per uso interno e esterno,Inalterabile ai raggi UV,Ideale per calcestruzzo, camini, intonaci di c . Consultez le catalogue sur le site officiel de Metrica\" \/>\n<meta name=\"robots\" content=\"index, follow, max-snippet:-1, max-image-preview:large, max-video-preview:-1\" \/>\n<link rel=\"canonical\" href=\"https:\/\/www.metrica.it\/fr\/produit\/colorants-naturels-pour-utilisations-interieures-exterieures\/\" \/>\n<meta property=\"og:locale\" content=\"fr_FR\" \/>\n<meta property=\"og:type\" content=\"article\" \/>\n<meta property=\"og:title\" content=\"Coloranti Naturali | Cordages et Teintures | Tra\u00e7age et Marquage - Metrica\" \/>\n<meta property=\"og:description\" content=\"D\u00e9couvrez la collection de produits., Coloranti Naturali - Cordages et Teintures.Colorante naturale per uso interno e esterno,Inalterabile ai raggi UV,Ideale per calcestruzzo, camini, intonaci di c . Consultez le catalogue sur le site officiel de Metrica\" \/>\n<meta property=\"og:url\" content=\"https:\/\/www.metrica.it\/fr\/produit\/colorants-naturels-pour-utilisations-interieures-exterieures\/\" \/>\n<meta property=\"og:site_name\" content=\"Metrica\" \/>\n<meta property=\"article:modified_time\" content=\"2024-09-16T18:29:28+00:00\" \/>\n<meta property=\"og:image\" content=\"https:\/\/www.metrica.it\/wp-content\/uploads\/2024\/05\/60220.jpg\" \/>\n\t<meta property=\"og:image:width\" content=\"800\" \/>\n\t<meta property=\"og:image:height\" content=\"800\" \/>\n\t<meta property=\"og:image:type\" content=\"image\/jpeg\" \/>\n<meta name=\"twitter:card\" content=\"summary_large_image\" \/>\n<script type=\"application\/ld+json\" class=\"yoast-schema-graph\">{\"@context\":\"https:\\\/\\\/schema.org\",\"@graph\":[{\"@type\":\"WebPage\",\"@id\":\"https:\\\/\\\/www.metrica.it\\\/fr\\\/produit\\\/colorants-naturels-pour-utilisations-interieures-exterieures\\\/\",\"url\":\"https:\\\/\\\/www.metrica.it\\\/fr\\\/produit\\\/colorants-naturels-pour-utilisations-interieures-exterieures\\\/\",\"name\":\"Coloranti Naturali | Cordages et Teintures | Tra\u00e7age et Marquage - Metrica\",\"isPartOf\":{\"@id\":\"https:\\\/\\\/www.metrica.it\\\/fr\\\/#website\"},\"primaryImageOfPage\":{\"@id\":\"https:\\\/\\\/www.metrica.it\\\/fr\\\/produit\\\/colorants-naturels-pour-utilisations-interieures-exterieures\\\/#primaryimage\"},\"image\":{\"@id\":\"https:\\\/\\\/www.metrica.it\\\/fr\\\/produit\\\/colorants-naturels-pour-utilisations-interieures-exterieures\\\/#primaryimage\"},\"thumbnailUrl\":\"https:\\\/\\\/www.metrica.it\\\/wp-content\\\/uploads\\\/2024\\\/05\\\/60220.jpg\",\"datePublished\":\"2024-09-16T09:38:34+00:00\",\"dateModified\":\"2024-09-16T18:29:28+00:00\",\"description\":\"D\u00e9couvrez la collection de produits., Coloranti Naturali - Cordages et Teintures.Colorante naturale per uso interno e esterno,Inalterabile ai raggi UV,Ideale per calcestruzzo, camini, intonaci di c . Consultez le catalogue sur le site officiel de Metrica\",\"breadcrumb\":{\"@id\":\"https:\\\/\\\/www.metrica.it\\\/fr\\\/produit\\\/colorants-naturels-pour-utilisations-interieures-exterieures\\\/#breadcrumb\"},\"inLanguage\":\"fr-FR\",\"potentialAction\":[{\"@type\":\"ReadAction\",\"target\":[\"https:\\\/\\\/www.metrica.it\\\/fr\\\/produit\\\/colorants-naturels-pour-utilisations-interieures-exterieures\\\/\"]}]},{\"@type\":\"ImageObject\",\"inLanguage\":\"fr-FR\",\"@id\":\"https:\\\/\\\/www.metrica.it\\\/fr\\\/produit\\\/colorants-naturels-pour-utilisations-interieures-exterieures\\\/#primaryimage\",\"url\":\"https:\\\/\\\/www.metrica.it\\\/wp-content\\\/uploads\\\/2024\\\/05\\\/60220.jpg\",\"contentUrl\":\"https:\\\/\\\/www.metrica.it\\\/wp-content\\\/uploads\\\/2024\\\/05\\\/60220.jpg\",\"width\":800,\"height\":800},{\"@type\":\"BreadcrumbList\",\"@id\":\"https:\\\/\\\/www.metrica.it\\\/fr\\\/produit\\\/colorants-naturels-pour-utilisations-interieures-exterieures\\\/#breadcrumb\",\"itemListElement\":[{\"@type\":\"ListItem\",\"position\":1,\"name\":\"Home\",\"item\":\"https:\\\/\\\/www.metrica.it\\\/fr\\\/\"},{\"@type\":\"ListItem\",\"position\":2,\"name\":\"Catalogue\",\"item\":\"https:\\\/\\\/www.metrica.it\\\/fr\\\/catalogue\\\/\"},{\"@type\":\"ListItem\",\"position\":3,\"name\":\"Colorants Naturels Pour Utilisations Int\u00e9rieures\\\/ext\u00e9rieures\"}]},{\"@type\":\"WebSite\",\"@id\":\"https:\\\/\\\/www.metrica.it\\\/fr\\\/#website\",\"url\":\"https:\\\/\\\/www.metrica.it\\\/fr\\\/\",\"name\":\"Metrica\",\"description\":\"Made to measure\",\"potentialAction\":[{\"@type\":\"SearchAction\",\"target\":{\"@type\":\"EntryPoint\",\"urlTemplate\":\"https:\\\/\\\/www.metrica.it\\\/fr\\\/?s={search_term_string}\"},\"query-input\":{\"@type\":\"PropertyValueSpecification\",\"valueRequired\":true,\"valueName\":\"search_term_string\"}}],\"inLanguage\":\"fr-FR\"}]}<\/script>","yoast_head_json":{"title":"Coloranti Naturali | Cordages et Teintures | Tra\u00e7age et Marquage - Metrica","description":"D\u00e9couvrez la collection de produits., Coloranti Naturali - Cordages et Teintures.Colorante naturale per uso interno e esterno,Inalterabile ai raggi UV,Ideale per calcestruzzo, camini, intonaci di c . Consultez le catalogue sur le site officiel de Metrica","robots":{"index":"index","follow":"follow","max-snippet":"max-snippet:-1","max-image-preview":"max-image-preview:large","max-video-preview":"max-video-preview:-1"},"canonical":"https:\/\/www.metrica.it\/fr\/produit\/colorants-naturels-pour-utilisations-interieures-exterieures\/","og_locale":"fr_FR","og_type":"article","og_title":"Coloranti Naturali | Cordages et Teintures | Tra\u00e7age et Marquage - Metrica","og_description":"D\u00e9couvrez la collection de produits., Coloranti Naturali - Cordages et Teintures.Colorante naturale per uso interno e esterno,Inalterabile ai raggi UV,Ideale per calcestruzzo, camini, intonaci di c . Consultez le catalogue sur le site officiel de Metrica","og_url":"https:\/\/www.metrica.it\/fr\/produit\/colorants-naturels-pour-utilisations-interieures-exterieures\/","og_site_name":"Metrica","article_modified_time":"2024-09-16T18:29:28+00:00","og_image":[{"width":800,"height":800,"url":"https:\/\/www.metrica.it\/wp-content\/uploads\/2024\/05\/60220.jpg","type":"image\/jpeg"}],"twitter_card":"summary_large_image","schema":{"@context":"https:\/\/schema.org","@graph":[{"@type":"WebPage","@id":"https:\/\/www.metrica.it\/fr\/produit\/colorants-naturels-pour-utilisations-interieures-exterieures\/","url":"https:\/\/www.metrica.it\/fr\/produit\/colorants-naturels-pour-utilisations-interieures-exterieures\/","name":"Coloranti Naturali | Cordages et Teintures | Tra\u00e7age et Marquage - Metrica","isPartOf":{"@id":"https:\/\/www.metrica.it\/fr\/#website"},"primaryImageOfPage":{"@id":"https:\/\/www.metrica.it\/fr\/produit\/colorants-naturels-pour-utilisations-interieures-exterieures\/#primaryimage"},"image":{"@id":"https:\/\/www.metrica.it\/fr\/produit\/colorants-naturels-pour-utilisations-interieures-exterieures\/#primaryimage"},"thumbnailUrl":"https:\/\/www.metrica.it\/wp-content\/uploads\/2024\/05\/60220.jpg","datePublished":"2024-09-16T09:38:34+00:00","dateModified":"2024-09-16T18:29:28+00:00","description":"D\u00e9couvrez la collection de produits., Coloranti Naturali - Cordages et Teintures.Colorante naturale per uso interno e esterno,Inalterabile ai raggi UV,Ideale per calcestruzzo, camini, intonaci di c . Consultez le catalogue sur le site officiel de Metrica","breadcrumb":{"@id":"https:\/\/www.metrica.it\/fr\/produit\/colorants-naturels-pour-utilisations-interieures-exterieures\/#breadcrumb"},"inLanguage":"fr-FR","potentialAction":[{"@type":"ReadAction","target":["https:\/\/www.metrica.it\/fr\/produit\/colorants-naturels-pour-utilisations-interieures-exterieures\/"]}]},{"@type":"ImageObject","inLanguage":"fr-FR","@id":"https:\/\/www.metrica.it\/fr\/produit\/colorants-naturels-pour-utilisations-interieures-exterieures\/#primaryimage","url":"https:\/\/www.metrica.it\/wp-content\/uploads\/2024\/05\/60220.jpg","contentUrl":"https:\/\/www.metrica.it\/wp-content\/uploads\/2024\/05\/60220.jpg","width":800,"height":800},{"@type":"BreadcrumbList","@id":"https:\/\/www.metrica.it\/fr\/produit\/colorants-naturels-pour-utilisations-interieures-exterieures\/#breadcrumb","itemListElement":[{"@type":"ListItem","position":1,"name":"Home","item":"https:\/\/www.metrica.it\/fr\/"},{"@type":"ListItem","position":2,"name":"Catalogue","item":"https:\/\/www.metrica.it\/fr\/catalogue\/"},{"@type":"ListItem","position":3,"name":"Colorants Naturels Pour Utilisations Int\u00e9rieures\/ext\u00e9rieures"}]},{"@type":"WebSite","@id":"https:\/\/www.metrica.it\/fr\/#website","url":"https:\/\/www.metrica.it\/fr\/","name":"Metrica","description":"Made to measure","potentialAction":[{"@type":"SearchAction","target":{"@type":"EntryPoint","urlTemplate":"https:\/\/www.metrica.it\/fr\/?s={search_term_string}"},"query-input":{"@type":"PropertyValueSpecification","valueRequired":true,"valueName":"search_term_string"}}],"inLanguage":"fr-FR"}]}},"meta_box":{"awr_documentation":[],"awr_manuale":[],"awr_scheda_tecnica":"","awr_youtube_video":"","awr_classe_prodotto":"","awr_customize_product":"0","awr_custom_image":false,"awr_related_products":[{"awr_product_name":"Coloranti Naturali","awr_product_references":"ref:60220|ean:8001066602209|lt:1|:<img src=\"\/media\/tabelle\/colore_rosso.png\"\/>|pack:1"},{"awr_product_name":"Coloranti Naturali","awr_product_references":"ref:60221|ean:8001066602216|lt:1|:<img src=\"\/media\/tabelle\/colore_giallo.png\"\/>|pack:1"},{"awr_product_name":"Coloranti Naturali","awr_product_references":"ref:60222|ean:8001066602223|lt:1|:<img src=\"\/media\/tabelle\/colore_arancione.png\"\/>|pack:1"},{"awr_product_name":"Coloranti Naturali","awr_product_references":"ref:60223|ean:8001066602230|lt:1|:<img src=\"\/media\/tabelle\/colore_nero.png\"\/>|pack:1"}],"awr_consumabili":"","awr_alternativi":"","awr_aliases":"60220,60221,60222,60223","awr_skuid":"60220-it"},"_links":{"self":[{"href":"https:\/\/www.metrica.it\/fr\/wp-json\/wp\/v2\/product\/143836","targetHints":{"allow":["GET"]}}],"collection":[{"href":"https:\/\/www.metrica.it\/fr\/wp-json\/wp\/v2\/product"}],"about":[{"href":"https:\/\/www.metrica.it\/fr\/wp-json\/wp\/v2\/types\/product"}],"wp:featuredmedia":[{"embeddable":true,"href":"https:\/\/www.metrica.it\/fr\/wp-json\/wp\/v2\/media\/121337"}],"wp:attachment":[{"href":"https:\/\/www.metrica.it\/fr\/wp-json\/wp\/v2\/media?parent=143836"}],"wp:term":[{"taxonomy":"product_cat","embeddable":true,"href":"https:\/\/www.metrica.it\/fr\/wp-json\/wp\/v2\/product_cat?post=143836"},{"taxonomy":"product_tag","embeddable":true,"href":"https:\/\/www.metrica.it\/fr\/wp-json\/wp\/v2\/product_tag?post=143836"}],"curies":[{"name":"wp","href":"https:\/\/api.w.org\/{rel}","templated":true}]}}

Colorants Naturels Pour Utilisations Intérieures/extérieures

<ul>
<li>Colorant naturel pour une utilisation intérieuer et extérieure</li>
<li>Inaltérable au rayon UV</li>
<li>Idéal pour béton, chéminées, plâtres</li>
</ul>

<p>Colorant naturel pour une utilisation intérieuer et extérieure<br />Inaltérable au rayon UV<br />Idéal pour béton, chéminées, plâtres</p>

<title>Coloranti Naturali | Cordages et Teintures | Traçage et Marquage - Metrica</title>
<meta name="description" content="Découvrez la collection de produits., Coloranti Naturali - Cordages et Teintures.Colorante naturale per uso interno e esterno,Inalterabile ai raggi UV,Ideale per calcestruzzo, camini, intonaci di c . Consultez le catalogue sur le site officiel de Metrica" />
<meta name="robots" content="index, follow, max-snippet:-1, max-image-preview:large, max-video-preview:-1" />
<link rel="canonical" href="https://www.metrica.it/fr/produit/colorants-naturels-pour-utilisations-interieures-exterieures/" />
<meta property="og:locale" content="fr_FR" />
<meta property="og:type" content="article" />
<meta property="og:title" content="Coloranti Naturali | Cordages et Teintures | Traçage et Marquage - Metrica" />
<meta property="og:description" content="Découvrez la collection de produits., Coloranti Naturali - Cordages et Teintures.Colorante naturale per uso interno e esterno,Inalterabile ai raggi UV,Ideale per calcestruzzo, camini, intonaci di c . Consultez le catalogue sur le site officiel de Metrica" />
<meta property="og:url" content="https://www.metrica.it/fr/produit/colorants-naturels-pour-utilisations-interieures-exterieures/" />
<meta property="og:site_name" content="Metrica" />
<meta property="article:modified_time" content="2024-09-16T18:29:28+00:00" />
<meta property="og:image" content="https://www.metrica.it/wp-content/uploads/2024/05/60220.jpg" />
	<meta property="og:image:width" content="800" />
	<meta property="og:image:height" content="800" />
	<meta property="og:image:type" content="image/jpeg" />
<meta name="twitter:card" content="summary_large_image" />
<script type="application/ld+json" class="yoast-schema-graph">{"@context":"https:\/\/schema.org","@graph":[{"@type":"WebPage","@id":"https:\/\/www.metrica.it\/fr\/produit\/colorants-naturels-pour-utilisations-interieures-exterieures\/","url":"https:\/\/www.metrica.it\/fr\/produit\/colorants-naturels-pour-utilisations-interieures-exterieures\/","name":"Coloranti Naturali | Cordages et Teintures | Traçage et Marquage - Metrica","isPartOf":{"@id":"https:\/\/www.metrica.it\/fr\/#website"},"primaryImageOfPage":{"@id":"https:\/\/www.metrica.it\/fr\/produit\/colorants-naturels-pour-utilisations-interieures-exterieures\/#primaryimage"},"image":{"@id":"https:\/\/www.metrica.it\/fr\/produit\/colorants-naturels-pour-utilisations-interieures-exterieures\/#primaryimage"},"thumbnailUrl":"https:\/\/www.metrica.it\/wp-content\/uploads\/2024\/05\/60220.jpg","datePublished":"2024-09-16T09:38:34+00:00","dateModified":"2024-09-16T18:29:28+00:00","description":"Découvrez la collection de produits., Coloranti Naturali - Cordages et Teintures.Colorante naturale per uso interno e esterno,Inalterabile ai raggi UV,Ideale per calcestruzzo, camini, intonaci di c . Consultez le catalogue sur le site officiel de Metrica","breadcrumb":{"@id":"https:\/\/www.metrica.it\/fr\/produit\/colorants-naturels-pour-utilisations-interieures-exterieures\/#breadcrumb"},"inLanguage":"fr-FR","potentialAction":[{"@type":"ReadAction","target":["https:\/\/www.metrica.it\/fr\/produit\/colorants-naturels-pour-utilisations-interieures-exterieures\/"]}]},{"@type":"ImageObject","inLanguage":"fr-FR","@id":"https:\/\/www.metrica.it\/fr\/produit\/colorants-naturels-pour-utilisations-interieures-exterieures\/#primaryimage","url":"https:\/\/www.metrica.it\/wp-content\/uploads\/2024\/05\/60220.jpg","contentUrl":"https:\/\/www.metrica.it\/wp-content\/uploads\/2024\/05\/60220.jpg","width":800,"height":800},{"@type":"BreadcrumbList","@id":"https:\/\/www.metrica.it\/fr\/produit\/colorants-naturels-pour-utilisations-interieures-exterieures\/#breadcrumb","itemListElement":[{"@type":"ListItem","position":1,"name":"Home","item":"https:\/\/www.metrica.it\/fr\/"},{"@type":"ListItem","position":2,"name":"Catalogue","item":"https:\/\/www.metrica.it\/fr\/catalogue\/"},{"@type":"ListItem","position":3,"name":"Colorants Naturels Pour Utilisations Intérieures\/extérieures"}]},{"@type":"WebSite","@id":"https:\/\/www.metrica.it\/fr\/#website","url":"https:\/\/www.metrica.it\/fr\/","name":"Metrica","description":"Made to measure","potentialAction":[{"@type":"SearchAction","target":{"@type":"EntryPoint","urlTemplate":"https:\/\/www.metrica.it\/fr\/?s={search_term_string}"},"query-input":{"@type":"PropertyValueSpecification","valueRequired":true,"valueName":"search_term_string"}}],"inLanguage":"fr-FR"}]}</script>

Coloranti Naturali | Cordages et Teintures | Traçage et Marquage - Metrica

Découvrez la collection de produits., Coloranti Naturali - Cordages et Teintures.Colorante naturale per uso interno e esterno,Inalterabile ai raggi UV,Ideale per calcestruzzo, camini, intonaci di c . Consultez le catalogue sur le site officiel de Metrica
